{"id":20,"date":"2021-04-07T05:50:58","date_gmt":"2021-04-07T05:50:58","guid":{"rendered":"https:\/\/trim-service.eu\/?page_id=20"},"modified":"2021-09-20T06:48:01","modified_gmt":"2021-09-20T06:48:01","slug":"realizacje","status":"publish","type":"page","link":"https:\/\/trim-service.eu\/index.php\/realizacje\/","title":{"rendered":"Przyk\u0142adowe realizacje"},"content":{"rendered":"\n<p>Przyk\u0142adowe realizacje poni\u017cej:<\/p>\n\n\n\n<p> <\/p>\n\n\n\n<p><strong>2018.05 &#8211; Jantex (Zielniki)<\/strong>: Ch\u0142odzenie hali produkcyjnej oraz magazynowej. <\/p>\n\n\n\n<figure class=\"wp-block-gallery columns-1 is-cropped wp-block-gallery-1 is-layout-flex wp-block-gallery-is-layout-flex\"><ul class=\"blocks-gallery-grid\"><li class=\"blocks-gallery-item\"><figure><img loading=\"lazy\" decoding=\"async\" width=\"1024\" height=\"818\" src=\"https:\/\/trim-service.eu\/wp-content\/uploads\/2021\/09\/Przechwytywanie-1024x818.jpg\" alt=\"\" data-id=\"184\" data-full-url=\"https:\/\/trim-service.eu\/wp-content\/uploads\/2021\/09\/Przechwytywanie.jpg\" data-link=\"https:\/\/trim-service.eu\/index.php\/realizacje\/przechwytywanie\/\" class=\"wp-image-184\" srcset=\"https:\/\/trim-service.eu\/wp-content\/uploads\/2021\/09\/Przechwytywanie-1024x818.jpg 1024w, https:\/\/trim-service.eu\/wp-content\/uploads\/2021\/09\/Przechwytywanie-300x240.jpg 300w, https:\/\/trim-service.eu\/wp-content\/uploads\/2021\/09\/Przechwytywanie-768x613.jpg 768w, https:\/\/trim-service.eu\/wp-content\/uploads\/2021\/09\/Przechwytywanie.jpg 1096w\" sizes=\"auto, (max-width: 1024px) 100vw, 1024px\" \/><\/figure><\/li><\/ul><\/figure>\n\n\n\n<p>______________________________________________________________________________________________________________________________ <\/p>\n\n\n\n<p><strong>2019.08 &#8211; MC BAUCHEMIA (\u015aroda Wlkp.)<\/strong>: Ch\u0142odzenie hali przemys\u0142owej.<\/p>\n\n\n\n<figure class=\"wp-block-image size-large is-resized\"><img loading=\"lazy\" decoding=\"async\" src=\"https:\/\/trim-service.eu\/wp-content\/uploads\/2021\/09\/1-1024x826.jpg\" alt=\"\" class=\"wp-image-166\" width=\"840\" height=\"677\" srcset=\"https:\/\/trim-service.eu\/wp-content\/uploads\/2021\/09\/1-1024x826.jpg 1024w, https:\/\/trim-service.eu\/wp-content\/uploads\/2021\/09\/1-300x242.jpg 300w, https:\/\/trim-service.eu\/wp-content\/uploads\/2021\/09\/1-768x619.jpg 768w, https:\/\/trim-service.eu\/wp-content\/uploads\/2021\/09\/1.jpg 1245w\" sizes=\"auto, (max-width: 840px) 100vw, 840px\" \/><\/figure>\n\n\n\n<p> <\/p>\n\n\n\n<p>______________________________________________________________________________________________________________________________<\/p>\n\n\n\n<p><strong>2021.02 &#8211; TFP sp. z o.o. (Dzie\u0107mierowo \/ K\u00f3rnik)<\/strong>: System odci\u0105gu powietrza z maszyny drukarskiej. <\/p>\n\n\n\n<figure class=\"wp-block-image size-full\"><img loading=\"lazy\" decoding=\"async\" width=\"946\" height=\"728\" src=\"https:\/\/trim-service.eu\/wp-content\/uploads\/2021\/09\/222.jpg\" alt=\"\" class=\"wp-image-171\" srcset=\"https:\/\/trim-service.eu\/wp-content\/uploads\/2021\/09\/222.jpg 946w, https:\/\/trim-service.eu\/wp-content\/uploads\/2021\/09\/222-300x231.jpg 300w, https:\/\/trim-service.eu\/wp-content\/uploads\/2021\/09\/222-768x591.jpg 768w\" sizes=\"auto, (max-width: 946px) 100vw, 946px\" \/><\/figure>\n\n\n\n<p>______________________________________________________________________________________________________________________________<\/p>\n\n\n\n<p><strong>2021.05 &#8211; Drukarnia Abedik (Jaryszki)<\/strong>: Wentylacja oraz ch\u0142odzenie hali przemys\u0142owej wraz z cz\u0119\u015bci\u0105 biurow\u0105. <\/p>\n\n\n\n<figure class=\"wp-block-image size-large\"><img loading=\"lazy\" decoding=\"async\" width=\"1024\" height=\"491\" src=\"https:\/\/trim-service.eu\/wp-content\/uploads\/2021\/09\/abedik-1024x491.jpg\" alt=\"\" class=\"wp-image-187\" srcset=\"https:\/\/trim-service.eu\/wp-content\/uploads\/2021\/09\/abedik-1024x491.jpg 1024w, https:\/\/trim-service.eu\/wp-content\/uploads\/2021\/09\/abedik-300x144.jpg 300w, https:\/\/trim-service.eu\/wp-content\/uploads\/2021\/09\/abedik-768x368.jpg 768w, https:\/\/trim-service.eu\/wp-content\/uploads\/2021\/09\/abedik.jpg 1333w\" sizes=\"auto, (max-width: 1024px) 100vw, 1024px\" \/><\/figure>\n\n\n\n<p>______________________________________________________________________________________________________________________________<\/p>\n\n\n\n<p><\/p>\n","protected":false},"excerpt":{"rendered":"<p>Przyk\u0142adowe realizacje poni\u017cej: 2018.05 &#8211; Jantex (Zielniki): Ch\u0142odzenie hali produkcyjnej oraz magazynowej. ______________________________________________________________________________________________________________________________ 2019.08 &#8211; MC BAUCHEMIA (\u015aroda Wlkp.): Ch\u0142odzenie hali przemys\u0142owej. ______________________________________________________________________________________________________________________________ 2021.02 &#8211;&hellip;<\/p>\n","protected":false},"author":1,"featured_media":0,"parent":0,"menu_order":0,"comment_status":"closed","ping_status":"closed","template":"","meta":{"footnotes":""},"class_list":["post-20","page","type-page","status-publish","hentry"],"_links":{"self":[{"href":"https:\/\/trim-service.eu\/index.php\/wp-json\/wp\/v2\/pages\/20","targetHints":{"allow":["GET"]}}],"collection":[{"href":"https:\/\/trim-service.eu\/index.php\/wp-json\/wp\/v2\/pages"}],"about":[{"href":"https:\/\/trim-service.eu\/index.php\/wp-json\/wp\/v2\/types\/page"}],"author":[{"embeddable":true,"href":"https:\/\/trim-service.eu\/index.php\/wp-json\/wp\/v2\/users\/1"}],"replies":[{"embeddable":true,"href":"https:\/\/trim-service.eu\/index.php\/wp-json\/wp\/v2\/comments?post=20"}],"version-history":[{"count":6,"href":"https:\/\/trim-service.eu\/index.php\/wp-json\/wp\/v2\/pages\/20\/revisions"}],"predecessor-version":[{"id":197,"href":"https:\/\/trim-service.eu\/index.php\/wp-json\/wp\/v2\/pages\/20\/revisions\/197"}],"wp:attachment":[{"href":"https:\/\/trim-service.eu\/index.php\/wp-json\/wp\/v2\/media?parent=20"}],"curies":[{"name":"wp","href":"https:\/\/api.w.org\/{rel}","templated":true}]}}