{"id":39,"date":"2021-04-07T05:54:23","date_gmt":"2021-04-07T05:54:23","guid":{"rendered":"https:\/\/trim-service.eu\/?page_id=39"},"modified":"2025-10-08T19:10:54","modified_gmt":"2025-10-08T19:10:54","slug":"start","status":"publish","type":"page","link":"https:\/\/trim-service.eu\/","title":{"rendered":"Start"},"content":{"rendered":"\n<p>Witamy na stronie firmy TRiM-service sp. z o.o.<\/p>\n\n\n\n<p>Nasza firma zajmuje si\u0119 obs\u0142ug\u0105 budynk\u00f3w oraz procesem zarz\u0105dzania, nadzorami oraz regulacj\u0105 w szerokim rozumieniu instalacji sanitarnych i HVAC.<\/p>\n\n\n\n<p>Je\u015bli poszukujesz profesjonalnego wykonawstwa instalacji sanitarnych i HVACiR, nie mog\u0142e\u015b lepiej trafi\u0107 !. Specjalizujemy si\u0119 w wykonywaniu wszelkich instalacji wewn\u0119trznych, ale r\u00f3wnie\u017c przy\u0142\u0105czy czy instalacji terenowych. Nasze atuty to profesjonalizm, do\u015bwiadczenie oraz elastyczno\u015b\u0107 w dzia\u0142aniu. Posiadamy profesjonalny zesp\u00f3\u0142, kt\u00f3ry jest w stanie szybko i sprawnie zrealizowa\u0107 powierzone zadania.<\/p>\n\n\n\n<p><br>Nasza oferta jest szeroka. Rozpoczynaj\u0105c od us\u0142ug projektowych, sko\u0144czywszy na realizacji danego projektu wraz z obs\u0142ug\u0105 serwisow\u0105 zadania.<\/p>\n\n\n\n<figure class=\"wp-block-gallery has-nested-images columns-default is-cropped wp-block-gallery-1 is-layout-flex wp-block-gallery-is-layout-flex\">\n<figure class=\"wp-block-image size-large\"><img loading=\"lazy\" decoding=\"async\" width=\"1024\" height=\"323\" data-id=\"193\" src=\"https:\/\/trim-service.eu\/wp-content\/uploads\/2021\/09\/l1-1024x323.jpg\" alt=\"\" class=\"wp-image-193\" srcset=\"https:\/\/trim-service.eu\/wp-content\/uploads\/2021\/09\/l1-1024x323.jpg 1024w, https:\/\/trim-service.eu\/wp-content\/uploads\/2021\/09\/l1-300x95.jpg 300w, https:\/\/trim-service.eu\/wp-content\/uploads\/2021\/09\/l1-768x242.jpg 768w, https:\/\/trim-service.eu\/wp-content\/uploads\/2021\/09\/l1-1536x485.jpg 1536w, https:\/\/trim-service.eu\/wp-content\/uploads\/2021\/09\/l1-2048x647.jpg 2048w\" sizes=\"auto, (max-width: 1024px) 100vw, 1024px\" \/><\/figure>\n<\/figure>\n\n\n\n<h2 class=\"wp-block-heading\"><span class=\"has-inline-color has-cyan-bluish-gray-color\"><strong>Aktualno\u015bci<\/strong>:<\/span><\/h2>\n\n\n<ul class=\"wp-block-latest-posts__list has-dates wp-block-latest-posts\"><li><a class=\"wp-block-latest-posts__post-title\" href=\"https:\/\/trim-service.eu\/index.php\/2021\/04\/07\/nowy\/\">TRiM-service Matuszak sp. j.<\/a><time datetime=\"2021-04-07T10:26:47+00:00\" class=\"wp-block-latest-posts__post-date\">7 kwietnia, 2021<\/time><div class=\"wp-block-latest-posts__post-excerpt\">Dzi\u0119kujemy za odwiedzenie strony TRiM-service Matuszak sp. j. Zapraszamy do kontaktu oraz wsp\u00f3\u0142pracy !.<\/div><\/li>\n<\/ul>","protected":false},"excerpt":{"rendered":"<p>Witamy na stronie firmy TRiM-service sp. z o.o. Nasza firma zajmuje si\u0119 obs\u0142ug\u0105 budynk\u00f3w oraz procesem zarz\u0105dzania, nadzorami oraz regulacj\u0105 w szerokim rozumieniu instalacji sanitarnych&hellip;<\/p>\n","protected":false},"author":1,"featured_media":0,"parent":0,"menu_order":0,"comment_status":"closed","ping_status":"closed","template":"","meta":{"footnotes":""},"class_list":["post-39","page","type-page","status-publish","hentry"],"_links":{"self":[{"href":"https:\/\/trim-service.eu\/index.php\/wp-json\/wp\/v2\/pages\/39","targetHints":{"allow":["GET"]}}],"collection":[{"href":"https:\/\/trim-service.eu\/index.php\/wp-json\/wp\/v2\/pages"}],"about":[{"href":"https:\/\/trim-service.eu\/index.php\/wp-json\/wp\/v2\/types\/page"}],"author":[{"embeddable":true,"href":"https:\/\/trim-service.eu\/index.php\/wp-json\/wp\/v2\/users\/1"}],"replies":[{"embeddable":true,"href":"https:\/\/trim-service.eu\/index.php\/wp-json\/wp\/v2\/comments?post=39"}],"version-history":[{"count":10,"href":"https:\/\/trim-service.eu\/index.php\/wp-json\/wp\/v2\/pages\/39\/revisions"}],"predecessor-version":[{"id":216,"href":"https:\/\/trim-service.eu\/index.php\/wp-json\/wp\/v2\/pages\/39\/revisions\/216"}],"wp:attachment":[{"href":"https:\/\/trim-service.eu\/index.php\/wp-json\/wp\/v2\/media?parent=39"}],"curies":[{"name":"wp","href":"https:\/\/api.w.org\/{rel}","templated":true}]}}